{"id":40,"date":"2025-04-25T23:51:10","date_gmt":"2025-04-25T21:51:10","guid":{"rendered":"http:\/\/dimitrialexandre.com\/?page_id=40"},"modified":"2026-01-29T21:53:03","modified_gmt":"2026-01-29T20:53:03","slug":"qui-suis-je","status":"publish","type":"page","link":"https:\/\/dimitrialexandre.com\/","title":{"rendered":"Qui suis je"},"content":{"rendered":"\t\t<div data-elementor-type=\"wp-page\" data-elementor-id=\"40\" class=\"elementor elementor-40\">\n\t\t\t\t<div class=\"elementor-element elementor-element-77e773b e-flex e-con-boxed wpr-particle-no wpr-jarallax-no wpr-parallax-no wpr-sticky-section-no e-con e-parent\" data-id=\"77e773b\" data-element_type=\"container\">\n\t\t\t\t\t<div class=\"e-con-inner\">\n\t\t<div class=\"elementor-element elementor-element-8b3d6d8 e-con-full e-flex wpr-particle-no wpr-jarallax-no wpr-parallax-no wpr-sticky-section-no e-con e-child\" data-id=\"8b3d6d8\" data-element_type=\"container\">\n\t\t\t\t<div class=\"elementor-element elementor-element-707c028 elementor-widget__width-initial elementor-widget elementor-widget-image\" data-id=\"707c028\" data-element_type=\"widget\" data-widget_type=\"image.default\">\n\t\t\t\t<div class=\"elementor-widget-container\">\n\t\t\t\t\t\t\t\t\t\t\t\t\t\t\t<img fetchpriority=\"high\" decoding=\"async\" width=\"1536\" height=\"1454\" src=\"https:\/\/dimitrialexandre.com\/wp-content\/uploads\/2026\/01\/1-1-1536x1454.jpeg\" class=\"attachment-1536x1536 size-1536x1536 wp-image-360\" alt=\"\" srcset=\"https:\/\/dimitrialexandre.com\/wp-content\/uploads\/2026\/01\/1-1-1536x1454.jpeg 1536w, https:\/\/dimitrialexandre.com\/wp-content\/uploads\/2026\/01\/1-1-300x284.jpeg 300w, https:\/\/dimitrialexandre.com\/wp-content\/uploads\/2026\/01\/1-1-768x727.jpeg 768w, https:\/\/dimitrialexandre.com\/wp-content\/uploads\/2026\/01\/1-1-2048x1939.jpeg 2048w\" sizes=\"(max-width: 1536px) 100vw, 1536px\" \/>\t\t\t\t\t\t\t\t\t\t\t\t\t\t\t<\/div>\n\t\t\t\t<\/div>\n\t\t\t\t<\/div>\n\t\t<div class=\"elementor-element elementor-element-d02a485 e-con-full e-flex wpr-particle-no wpr-jarallax-no wpr-parallax-no wpr-sticky-section-no e-con e-child\" data-id=\"d02a485\" data-element_type=\"container\">\n\t\t\t\t<div class=\"elementor-element elementor-element-fab259d elementor-widget elementor-widget-text-editor\" data-id=\"fab259d\" data-element_type=\"widget\" data-widget_type=\"text-editor.default\">\n\t\t\t\t<div class=\"elementor-widget-container\">\n\t\t\t\t\t\t\t\t\t<p data-path-to-node=\"12\">Mon parcours a commenc\u00e9 dans l&#8217;ing\u00e9nierie, mais ma passion s&#8217;\u00e9crit en images. Depuis 2014, je parcours le monde et les visages pour y d\u00e9celer la po\u00e9sie du r\u00e9el.<\/p>\n<p data-path-to-node=\"13\">Inspir\u00e9 par l\u2019esth\u00e9tique du cin\u00e9ma et la v\u00e9rit\u00e9 du documentaire, je vois chaque s\u00e9ance de portrait comme une rencontre unique. Je ne traque pas la perfection, mais l&#8217;\u00e9motion brute \u2014 celle qui surgit quand on oublie l&#8217;appareil. Mon travail est une qu\u00eate de l&#8217;instant vrai, celui qui dit tout sans un mot.<\/p>\n<p data-path-to-node=\"13\">Je propose mes services de photographe de plateau pour documenter vos projets (longs et courts m\u00e9trages, documentaires). Mon objectif : saisir l&#8217;esth\u00e9tique de vos sc\u00e8nes tout en restant l&#8217;observateur invisible du travail de l&#8217;\u00e9quipe.<\/p>\n<p data-path-to-node=\"13\">\n<\/p>\t\t\t\t\t\t\t\t<\/div>\n\t\t\t\t<\/div>\n\t\t\t\t<\/div>\n\t\t\t\t\t<\/div>\n\t\t\t\t<\/div>\n\t\t\t\t<\/div>\n\t\t","protected":false},"excerpt":{"rendered":"<p>Mon parcours a commenc\u00e9 dans l&#8217;ing\u00e9nierie, mais ma passion s&#8217;\u00e9crit en images. Depuis 2014, je parcours le monde et les visages pour y d\u00e9celer la po\u00e9sie du r\u00e9el. Inspir\u00e9 par l\u2019esth\u00e9tique du cin\u00e9ma et la v\u00e9rit\u00e9 du documentaire, je vois chaque s\u00e9ance de portrait comme une rencontre unique. Je ne traque pas la perfection, mais l&#8217;\u00e9motion brute \u2014 celle qui &hellip; <\/p>\n","protected":false},"author":1,"featured_media":0,"parent":0,"menu_order":0,"comment_status":"closed","ping_status":"closed","template":"elementor_canvas","meta":{"footnotes":""},"class_list":["post-40","page","type-page","status-publish","hentry"],"_links":{"self":[{"href":"https:\/\/dimitrialexandre.com\/index.php\/wp-json\/wp\/v2\/pages\/40","targetHints":{"allow":["GET"]}}],"collection":[{"href":"https:\/\/dimitrialexandre.com\/index.php\/wp-json\/wp\/v2\/pages"}],"about":[{"href":"https:\/\/dimitrialexandre.com\/index.php\/wp-json\/wp\/v2\/types\/page"}],"author":[{"embeddable":true,"href":"https:\/\/dimitrialexandre.com\/index.php\/wp-json\/wp\/v2\/users\/1"}],"replies":[{"embeddable":true,"href":"https:\/\/dimitrialexandre.com\/index.php\/wp-json\/wp\/v2\/comments?post=40"}],"version-history":[{"count":40,"href":"https:\/\/dimitrialexandre.com\/index.php\/wp-json\/wp\/v2\/pages\/40\/revisions"}],"predecessor-version":[{"id":472,"href":"https:\/\/dimitrialexandre.com\/index.php\/wp-json\/wp\/v2\/pages\/40\/revisions\/472"}],"wp:attachment":[{"href":"https:\/\/dimitrialexandre.com\/index.php\/wp-json\/wp\/v2\/media?parent=40"}],"curies":[{"name":"wp","href":"https:\/\/api.w.org\/{rel}","templated":true}]}}